 - 10. What is r(-2)?
6
Let o(i) = i**3 + 19*i**2 - 40*i + 21. Give o(-21).
-21
Let q(d) = d**3 + d. Calculate q(-2).
-10
Let h(q) = 44*q + 47. What is h(-1)?
3
Let x(m) = -m**3 - 5*m**2 - 3*m - 3. Calculate x(-4).
-7
Let o(k) = -6*k**2 - 26*k - 11. Give o(-4).
-3
Let q(k) = -23*k - 6. What is q(-2)?
40
Let j(w) = -w**3 + 5*w**2 - w + 5. Determine j(4).
17
Let y(a) = a**3 + 2*a**2 - 9*a - 5. Calculate y(-4).
-1
Let f(l) = -l**2 + 2*l - 2. What is f(3)?
-5
Let o(k) = k**3 - 13*k**2 + 11*k - 3. What is o(12)?
-15
Let h(c) = -c**2 + 21*c + 29. What is h(23)?
-17
Let k(w) = 28*w**2 - 10*w - 11. What is k(-1)?
27
Let i(m) = -m**2 + 16*m - 8. Determine i(17).
-25
Let b(f) = -4*f**2 + 52*f - 32. What is b(12)?
16
Let h(y) = y**3 - 8*y**2 + 8*y + 8. Determine h(4).
-24
Let q(z) = 8*z + 223. What is q(-28)?
-1
Let f(n) = -n**3 + 3*n**2 + n + 7. What is f(4)?
-5
Let m(n) = -n**2 - 15*n - 51. What is m(-7)?
5
Let o(i) = -3*i**3 + 5*i**2 - 9*i + 9. Calculate o(2).
-13
Let x(y) = 34*y - 303. Calculate x(9).
3
Let p(l) = 5*l - 1. What is p(-4)?
-21
Let h(t) = 2*t**2 - 7*t + 26. Determine h(8).
98
Let d(a) = -2*a**2 - a + 4. Give d(3).
-17
Let d(v) = v**2 - 17*v - 10. Give d(17).
-10
Let i(t) = -t**3 - 7*t**2 - 4. Give i(-7).
-4
Let u(r) = 24*r - 57. What is u(2)?
-9
Let x(f) = -5*f**3 - 16*f**2 - 12*f + 3. Calculate x(-1).
4
Let g(j) = j**2 + 45*j + 400. Determine g(-33).
4
Let i(t) = -7*t + 3. Determine i(2).
-11
Let s(m) = m**2 + 12*m + 12. Give s(-11).
1
Let i(m) = -2*m**3 + 104*m**2. Calculate i(52).
0
Let m(d) = -d**2 + 15*d + 27. What is m(16)?
11
Let p(q) = q**3 + q**2 - 10*q - 6. Calculate p(-4).
-14
Let f(l) = -l**3 + l**2 + 8. Give f(0).
8
Let p(h) = h**2 + 6*h. Determine p(0).
0
Let z(m) = -m**2 - 16*m - 48. Give z(-12).
0
Let h(y) = -y + 25. Calculate h(21).
4
Let w(q) = q**2 + 17*q + 34. What is w(-14)?
-8
Let k(f) = -9*f - 1. Determine k(7).
-64
Let y(a) = -a**3 - 4*a**2 - 3*a + 3. Give y(-3).
3
Let f(c) = -2*c + 6. Give f(4).
-2
Let t(o) = -2*o - 2. Calculate t(-5).
8
Let b(r) = r**2 - 4*r - 1. What is b(4)?
-1
Let v(s) = 3*s + 16. What is v(7)?
37
Let g(z) = -z - 8. Calculate g(-9).
1
Let f(y) = -y**3 - 19*y**2 - 16*y - 11. Determine f(-18).
-47
Let g(r) = 2*r**2 + 13*r - 7. Give g(-8).
17
Let t(h) = -h**2 + 34*h - 135. Determine t(5).
10
Let h(d) = -d**3 - 3*d**2 - d + 2. Determine h(-3).
5
Let o(u) = 2*u + 42. Give o(-14).
14
Let q(k) = -2*k**3 + 4*k**2 - 6. Calculate q(-3).
84
Let b(y) = y + 1. Determine b(0).
1
Let a(r) = 3*r + 6. Calculate a(-1).
3
Let g(s) = s**3 + 7*s**2 - 10*s - 8. What is g(-8)?
8
Let k(s) = s**2 - 6*s + 170. Give k(0).
170
Let c(i) = 2*i + 1. Calculate c(-3).
-5
Let f(x) = 2*x**2 + 6*x - 9. What is f(3)?
27
Let j(d) = -d**2 + 4*d + 1. Determine j(-4).
-31
Let l(r) = r**3 - 3*r**2 - 7*r + 6. Give l(4).
-6
Let j(v) = v**3 - 50*v**2 + 48*v + 37. Calculate j(49).
-12
Let s(v) = -v - 20. What is s(-5)?
-15
Let l(f) = f**3 + 2*f**2 + 3*f - 2. Give l(-3).
-20
Let t(i) = i**2 + i - 8. Determine t(0).
-8
Let t(a) = 7*a - 56. What is t(5)?
-21
Let b(o) = -o**3 + 12*o**2 - o + 16. What is b(12)?
4
Let f(r) = r**2 + 31*r + 2. What is f(-11)?
-218
Let x(v) = -9*v**2 + 20*v + 3. Calculate x(6).
-201
Let n(w) = -w - 6. Calculate n(7).
-13
Let t(f) = -f + 5. Give t(13).
-8
Let k(s) = 9*s - 8. Determine k(2).
10
Let a(w) = w**3 - 15*w**2 - 17*w + 21. Calculate a(16).
5
Let m(b) = b - 1. Give m(6).
5
Let s(l) = -2*l**2 + 6*l - 2. Calculate s(5).
-22
Let m(a) = -a**2 - 38*a - 155. What is m(-5)?
10
Let g(k) = -6*k + 8. Give g(3).
-10
Let z(c) = -c**2 + 20*c + 18. Calculate z(21).
-3
Let y(f) = 13*f + 33. Determine y(-2).
7
Let f(m) = 4*m + 51. Give f(-15).
-9
Let z(v) = v**3 + 18*v**2 - 28*v - 16. Determine z(-19).
155
Let c(s) = -2*s**2 - 13*s - 2. Give c(-6).
4
Let k(p) = p**3 - 7*p**2 + 4*p + 2. What is k(5)?
-28
Let t(v) = 55*v**3 + v**2 + 3*v + 2. Give t(-1).
-55
Let y(q) = -17*q - 98. Give y(-6).
4
Let s(o) = -o**2 + 3*o + 9. What is s(4)?
5
Let y(a) = -6*a - 117. What is y(-17)?
-15
Let g(v) = -2*v**2 + 53*v - 154. Give g(3).
-13
Let n(w) = -2*w**3 - 12*w**2 + 14*w + 1. Calculate n(-7).
1
Let k(q) = -q + 8. What is k(5)?
3
Let w(v) = 2*v**2 + 16*v - 24. What is w(-9)?
-6
Let n(d) = -4*d**2. Calculate n(1).
-4
Let f(o) = -o + 15. Determine f(-7).
22
Let m(v) = v**3 - 12*v**2 - 3*v - 7. Calculate m(12).
-43
Let h(w) = w**2 - 4. Determine h(-2).
0
Let f(q) = -15*q + 995. Give f(67).
-10
Let j(p) = p**3 - 46. What is j(0)?
-46
Let x(w) = -w**3 - 13*w**2 - 19*w + 23. Calculate x(-11).
-10
Let g(j) = -49*j + 483. Calculate g(10).
-7
Let f(c) = -c**3 + 2*c**2 - 2. Calculate f(-2).
14
Let p(g) = -g**3 + g**2 + g + 18. Give p(0).
18
Let y(g) = g**3 + 6*g**2 - g - 3. Determine y(-6).
3
Let k(h) = -h - 22. What is k(-13)?
-9
Let f(k) = -2*k**2 - 56*k - 162. Calculate f(-25).
-12
Let c(a) = a**2 - 2*a + 16. Calculate c(0).
16
Let c(l) = -9*l**2 - 3*l - 4. What is c(-2)?
-34
Let n(m) = 78*m + 787. Calculate n(-10).
7
Let g(r) = -2*r**2 + 18*r - 14. Determine g(8).
2
Let b(p) = -12*p**2 - 2*p. Give b(1).
-14
Let b(g) = -g**3 - 11*g**2 - 20*g - 18. Give b(-9).
0
Let j(t) = -12*t - 2. Calculate j(-4).
46
Let a(t) = 8*t + 2. Calculate a(-6).
-46
Let x(u) = u**3 - u**2 - 9. What is x(0)?
-9
Let i(w) = -w**2 + 41*w - 90. Determine i(40).
-50
Let w(f) = 11*f**3 + f - 2. Determine w(1).
10
Let t(f) = -3*f**3 - 4*f**2 - 2*f - 2. Give t(-1).
-1
Let q(x) = 13*x + 60. Give q(-4).
8
Let q(c) = -6*c + 122. What is q(20)?
2
Let m(q) = q**3 - 6*q**2 + 2*q - 1. Determine m(4).
-25
Let l(f) = -f - 1. Give l(1).
-2
Let d(n) = 11*n**2 - n - 2. Calculate d(-1).
10
Let t(h) = -3*h - 8. Give t(0).
-8
Let y(d) = d**2 + 46*d + 406. Give y(-34).
-2
Let v(q) = -q**3 + 8*q**2 - 15*q + 3. What is v(7)?
-53
Let l(u) = -5*u - 25. Give l(-8).
15
Let b(v) = -8*v + 110. Give b(13).
6
Let t(b) = -b**3 + 7*b**2 - 8*b + 3. Give t(6).
-9
Let t(w) = w**2 + 21*w - 138. Give t(-26).
-8
Let u(t) = -17*t**3 + 4*t + 4. Determine u(-1).
17
Let q(i) = -i**3 + i**2 + 11*i - 7. What is q(4)?
-11
Let r(h) = -h**2 + 17*h - 70. Give r(12).
-10
Let a(o) = -o**3 + 8*o**2 - 4*o + 2. Calculate a(8).
-30
Let i(j) = -10*j**2 + 2*j - 1. Calculate i(1).
-9
Let t(c) = c**3 - 17*c**2 + c + 18. Give t(17).
35
Let o(g) = -6*g + 3. Determine o(6).
-33
Let o(g) = 5*g**2 - 33*g - 21. Determine o(7).
-7
Let l(a) = -a**2 + 9*a - 3. Calculate l(8).
5
Let w(d) = d**3 - 6*d**2 - 2*d + 7. Determine w(6).
-5
Let a(t) = t**2 + 52*t + 645. Calculate a(-21).
-6
Let y(a) = -67*a**3 - a + 1. Give y(1).
-67
Let p(r) = -6*r**2 + 62*r - 16. Determine p(10).
4
Let v(j) = -j**3 + 2*j**2 + 12*j - 2. What is v(5)?
-17
Let t(v) = 2*v**2 - 18*v - 7. Determine t(8).
-23
Let x(z) = -2*z**3 - 17*z**2 + 4*z - 13. Calculate x(-9).
32
Let c(p) = 12*p**3 + p**2 + 3*p - 1. Give c(1).
15
Let l(j) = -j**3 - j**2. What is l(-1)?
0
Let y(s) = -2*s**2 - 52*s - 5. Determine y(-26).
-5
Let r(k) = -k**3 + 13*k**2 + k - 19. Give r(13).
-6
Let l(r) = -r**2 - r + 2. Calculate l(-2).
0
Let p(r) = 96*r - 98. Give p(1).
-2
Let m(w) = -3*w + 11. What is m(15)?
-34
Let u(w) = -w**2 - 2*w + 2. What is u(-6)?
-22
Let v(l) = -l**3 + 8*l**2 + 10*l + 8. Give v(8).
88
Let s(m) = -m**3 - 7*m**2 - 18*m - 66. Determine s(-6).
6
Let f(w) = 22*w - 271. Give f(13).
15
Let b(p) = 21*p + 6. Calculate b(4).
90
Let u(i) = 3*i**3 + 3*i**2 - 1. Give u(-3).
-55
Let f(h) = h**2 - 11*h - 2. Give f(4).
-30
Let p(f) = f**3 - 12*f**2 - 3*f + 29. Give p(12).
-7
Let t(p) = -p**3 - 6*p**2 + 12*p + 1. What is t(-8)?
33
Let h(g) = g**3 - 8*g**2 + 5*g - 36. What is h(8)?
4
Let d(l) = -3*l - 25. Calculate d(-10).
5
Let q(r) = r - 5. Calculate q(-3).
-8
Let b(g) = -g - 2. What is b(16)?
-18
Let d(p) = -p**2 + 3*p - 5. What is d(6)?
-23
Let g(k) = -2*k - 12. Determine g(1).
-14
Let b(p) = 39*p + 2. Give b(0).
2
Let w(v) = v**3 + 2*v**2 - 19*v - 25. Calculate w(-5).
-5
Let f(d) = 14*d + 248. Calculate f(-18).
-4
Let x(i) = i**3 - 11*i**2 + 20*i + 4. What is x(10)?
104
Let k(r) = r**3 - 9*r**2 - 21*r - 16. Determine k(11).
-5
Let u(v) = 31*v**2 - v. Determine u(-1).
32
Let g(v) = 2*v**2 - v - 6. Calculate g(0).
-6
Let o(k) = -k + 15. Give o(-13).
28
Let i(r) = r**3 - 12*r**2 + 10*r + 4. Determine i(11).
-7
Let z(k) = 53*k - 2. Give z(1).
51
Let r(d) = -8*d - 17. Determine r(-7)